{"id":481,"date":"2026-03-06T13:25:49","date_gmt":"2026-03-06T12:25:49","guid":{"rendered":"https:\/\/www.pufferfishcontent.com\/?page_id=481"},"modified":"2026-03-19T14:51:43","modified_gmt":"2026-03-19T13:51:43","slug":"481-2","status":"publish","type":"page","link":"https:\/\/www.pufferfishcontent.com\/?page_id=481","title":{"rendered":""},"content":{"rendered":"\n<div class=\"wp-block-cover is-light\" style=\"border-style:none;border-width:0px;margin-top:0;margin-bottom:0;padding-top:0;padding-right:0;padding-bottom:0;padding-left:0;min-height:430px;aspect-ratio:unset;\"><video class=\"wp-block-cover__video-background intrinsic-ignore\" autoplay muted loop playsinline src=\"https:\/\/www.pufferfishcontent.com\/wp-content\/uploads\/2026\/03\/Case_Liverpool.mp4\" style=\"object-position:54% 24%\" data-object-fit=\"cover\" data-object-position=\"54% 24%\"><\/video><span aria-hidden=\"true\" class=\"wp-block-cover__background has-background-dim-40 has-background-dim\" style=\"background-color:#FFF\"><\/span><div class=\"wp-block-cover__inner-container is-layout-constrained wp-container-core-cover-is-layout-72190d31 wp-block-cover-is-layout-constrained\">\n<p class=\"has-background-color has-text-color has-link-color has-source-serif-pro-font-family has-small-font-size wp-elements-36b7fccea1de0bdd8b046f7720ebece8\" style=\"padding-top:0;padding-right:var(--wp--preset--spacing--50);padding-bottom:0;padding-left:var(--wp--preset--spacing--50)\"><strong>Uppdragsgivare<\/strong><br>Svenska Boxningsf\u00f6rbundet<br><br><strong>Leverans<\/strong><br>R\u00f6rlig promotionfilm<br>Blixtfoton<br>Sociala medier-inl\u00e4gg<\/p>\n\n\n\n<p class=\"has-background-color has-text-color has-link-color has-source-serif-pro-font-family has-small-font-size wp-elements-e34b8640d632da390c9483c25a9e3e36\" style=\"margin-top:var(--wp--preset--spacing--30);margin-right:var(--wp--preset--spacing--50);margin-bottom:var(--wp--preset--spacing--30);margin-left:var(--wp--preset--spacing--50)\"><\/p>\n<\/div><\/div>\n\n\n\n<p class=\"has-text-color has-link-color has-source-serif-pro-font-family has-small-font-size wp-elements-1817bd86393494963c7256db1249033e\" style=\"color:#194520;padding-top:0;padding-right:var(--wp--preset--spacing--50);padding-bottom:0;padding-left:var(--wp--preset--spacing--50)\">Sverige skickade tre skickliga boxare till VM i Liverpool 2025. Kevin Scott, Nebil Ibrahim och Hampus Broman valdes ut f\u00f6r att k\u00e4mpa om medaljerna. Pufferfish Content fick i uppdrag att skapa en hype kring m\u00e4sterskapet.<\/p>\n\n\n\n<figure class=\"wp-block-gallery has-nested-images columns-default is-cropped wp-block-gallery-1 is-layout-flex wp-block-gallery-is-layout-flex\">\n<figure class=\"wp-block-image size-large has-custom-border is-style-tw-frame tw-block-animation tw-animation-fade-in tw-duration-4\" style=\"margin-top:0;margin-right:0;margin-bottom:0;margin-left:0\"><img loading=\"lazy\" decoding=\"async\" width=\"1024\" height=\"1024\" data-id=\"578\" src=\"https:\/\/www.pufferfishcontent.com\/wp-content\/uploads\/2026\/03\/Kevin_1-1024x1024.jpg\" alt=\"\" class=\"wp-image-578\" style=\"border-style:none;border-width:0px\" srcset=\"https:\/\/www.pufferfishcontent.com\/wp-content\/uploads\/2026\/03\/Kevin_1-1024x1024.jpg 1024w, https:\/\/www.pufferfishcontent.com\/wp-content\/uploads\/2026\/03\/Kevin_1-300x300.jpg 300w, https:\/\/www.pufferfishcontent.com\/wp-content\/uploads\/2026\/03\/Kevin_1-150x150.jpg 150w, https:\/\/www.pufferfishcontent.com\/wp-content\/uploads\/2026\/03\/Kevin_1-768x768.jpg 768w, https:\/\/www.pufferfishcontent.com\/wp-content\/uploads\/2026\/03\/Kevin_1.jpg 1200w\" sizes=\"auto, (max-width: 1024px) 100vw, 1024px\" \/><\/figure>\n\n\n\n<figure class=\"wp-block-image size-large is-style-tw-frame tw-block-animation tw-animation-fade-in tw-duration-4\"><img loading=\"lazy\" decoding=\"async\" width=\"1024\" height=\"1024\" data-id=\"580\" src=\"https:\/\/www.pufferfishcontent.com\/wp-content\/uploads\/2026\/03\/Nebil_1-1024x1024.jpg\" alt=\"\" class=\"wp-image-580\" srcset=\"https:\/\/www.pufferfishcontent.com\/wp-content\/uploads\/2026\/03\/Nebil_1-1024x1024.jpg 1024w, https:\/\/www.pufferfishcontent.com\/wp-content\/uploads\/2026\/03\/Nebil_1-300x300.jpg 300w, https:\/\/www.pufferfishcontent.com\/wp-content\/uploads\/2026\/03\/Nebil_1-150x150.jpg 150w, https:\/\/www.pufferfishcontent.com\/wp-content\/uploads\/2026\/03\/Nebil_1-768x768.jpg 768w, https:\/\/www.pufferfishcontent.com\/wp-content\/uploads\/2026\/03\/Nebil_1.jpg 1200w\" sizes=\"auto, (max-width: 1024px) 100vw, 1024px\" \/><\/figure>\n<\/figure>\n\n\n\n<figure class=\"wp-block-gallery has-nested-images columns-default is-cropped wp-block-gallery-2 is-layout-flex wp-block-gallery-is-layout-flex\">\n<figure class=\"wp-block-image size-full is-style-tw-frame tw-block-animation tw-animation-fade-in tw-duration-4\"><img loading=\"lazy\" decoding=\"async\" width=\"1200\" height=\"1200\" data-id=\"581\" src=\"https:\/\/www.pufferfishcontent.com\/wp-content\/uploads\/2026\/03\/Nebil_2.jpg\" alt=\"\" class=\"wp-image-581\" srcset=\"https:\/\/www.pufferfishcontent.com\/wp-content\/uploads\/2026\/03\/Nebil_2.jpg 1200w, https:\/\/www.pufferfishcontent.com\/wp-content\/uploads\/2026\/03\/Nebil_2-300x300.jpg 300w, https:\/\/www.pufferfishcontent.com\/wp-content\/uploads\/2026\/03\/Nebil_2-1024x1024.jpg 1024w, https:\/\/www.pufferfishcontent.com\/wp-content\/uploads\/2026\/03\/Nebil_2-150x150.jpg 150w, https:\/\/www.pufferfishcontent.com\/wp-content\/uploads\/2026\/03\/Nebil_2-768x768.jpg 768w\" sizes=\"auto, (max-width: 1200px) 100vw, 1200px\" \/><\/figure>\n\n\n\n<figure class=\"wp-block-image size-full is-style-tw-frame tw-block-animation tw-animation-fade-in tw-duration-4\"><img loading=\"lazy\" decoding=\"async\" width=\"1200\" height=\"1200\" data-id=\"579\" src=\"https:\/\/www.pufferfishcontent.com\/wp-content\/uploads\/2026\/03\/Kevin_2.jpg\" alt=\"\" class=\"wp-image-579\" srcset=\"https:\/\/www.pufferfishcontent.com\/wp-content\/uploads\/2026\/03\/Kevin_2.jpg 1200w, https:\/\/www.pufferfishcontent.com\/wp-content\/uploads\/2026\/03\/Kevin_2-300x300.jpg 300w, https:\/\/www.pufferfishcontent.com\/wp-content\/uploads\/2026\/03\/Kevin_2-1024x1024.jpg 1024w, https:\/\/www.pufferfishcontent.com\/wp-content\/uploads\/2026\/03\/Kevin_2-150x150.jpg 150w, https:\/\/www.pufferfishcontent.com\/wp-content\/uploads\/2026\/03\/Kevin_2-768x768.jpg 768w\" sizes=\"auto, (max-width: 1200px) 100vw, 1200px\" \/><\/figure>\n<\/figure>\n\n\n\n<p class=\"has-text-align-center has-text-color has-link-color has-source-serif-pro-font-family has-small-font-size wp-elements-73b40e2981cadffbf3feda0056dafb08\" style=\"color:#194520;margin-top:var(--wp--preset--spacing--50);margin-bottom:var(--wp--preset--spacing--50);font-style:normal;font-weight:300\">Se hela promotionvideon inf\u00f6r VM i Liverpool p\u00e5 Youtube. <\/p>\n\n\n\n<ul class=\"wp-block-social-links has-small-icon-size has-visible-labels has-icon-background-color is-content-justification-center is-layout-flex wp-container-core-social-links-is-layout-c4145dbc wp-block-social-links-is-layout-flex\" style=\"margin-top:var(--wp--preset--spacing--50);margin-right:0;margin-bottom:var(--wp--preset--spacing--50);margin-left:0\"><li style=\"background-color:#194520;\" class=\"wp-social-link wp-social-link-youtube  wp-block-social-link\"><a href=\"https:\/\/youtube.com\/shorts\/H4UpahfluyM\" class=\"wp-block-social-link-anchor\"><svg width=\"24\" height=\"24\" viewBox=\"0 0 24 24\" version=\"1.1\" xmlns=\"http:\/\/www.w3.org\/2000\/svg\" aria-hidden=\"true\" focusable=\"false\"><path d=\"M21.8,8.001c0,0-0.195-1.378-0.795-1.985c-0.76-0.797-1.613-0.801-2.004-0.847c-2.799-0.202-6.997-0.202-6.997-0.202 h-0.009c0,0-4.198,0-6.997,0.202C4.608,5.216,3.756,5.22,2.995,6.016C2.395,6.623,2.2,8.001,2.2,8.001S2,9.62,2,11.238v1.517 c0,1.618,0.2,3.237,0.2,3.237s0.195,1.378,0.795,1.985c0.761,0.797,1.76,0.771,2.205,0.855c1.6,0.153,6.8,0.201,6.8,0.201 s4.203-0.006,7.001-0.209c0.391-0.047,1.243-0.051,2.004-0.847c0.6-0.607,0.795-1.985,0.795-1.985s0.2-1.618,0.2-3.237v-1.517 C22,9.62,21.8,8.001,21.8,8.001z M9.935,14.594l-0.001-5.62l5.404,2.82L9.935,14.594z\"><\/path><\/svg><span class=\"wp-block-social-link-label\">@pufferfishcontent<\/span><\/a><\/li><\/ul>\n\n\n\n<figure style=\"margin-top:var(--wp--preset--spacing--50);margin-bottom:var(--wp--preset--spacing--50)\" class=\"wp-block-video\"><video height=\"2700\" style=\"aspect-ratio: 2160 \/ 2700;\" width=\"2160\" controls src=\"https:\/\/www.pufferfishcontent.com\/wp-content\/uploads\/2026\/03\/Promo_VM_-1.mp4\"><\/video><\/figure>\n","protected":false},"excerpt":{"rendered":"<p>Sverige skickade tre skickliga boxare till VM i Liverpool 2025. Kevin Scott, Nebil Ibrahim och Hampus Broman valdes ut f\u00f6r att k\u00e4mpa om medaljerna. Pufferfish Content fick i uppdrag att skapa en hype kring m\u00e4sterskapet. Se hela promotionvideon inf\u00f6r VM i Liverpool p\u00e5 Youtube.<\/p>\n","protected":false},"author":1,"featured_media":0,"parent":0,"menu_order":0,"comment_status":"closed","ping_status":"closed","template":"","meta":{"footnotes":""},"class_list":["post-481","page","type-page","status-publish","hentry"],"_links":{"self":[{"href":"https:\/\/www.pufferfishcontent.com\/index.php?rest_route=\/wp\/v2\/pages\/481","targetHints":{"allow":["GET"]}}],"collection":[{"href":"https:\/\/www.pufferfishcontent.com\/index.php?rest_route=\/wp\/v2\/pages"}],"about":[{"href":"https:\/\/www.pufferfishcontent.com\/index.php?rest_route=\/wp\/v2\/types\/page"}],"author":[{"embeddable":true,"href":"https:\/\/www.pufferfishcontent.com\/index.php?rest_route=\/wp\/v2\/users\/1"}],"replies":[{"embeddable":true,"href":"https:\/\/www.pufferfishcontent.com\/index.php?rest_route=%2Fwp%2Fv2%2Fcomments&post=481"}],"version-history":[{"count":28,"href":"https:\/\/www.pufferfishcontent.com\/index.php?rest_route=\/wp\/v2\/pages\/481\/revisions"}],"predecessor-version":[{"id":659,"href":"https:\/\/www.pufferfishcontent.com\/index.php?rest_route=\/wp\/v2\/pages\/481\/revisions\/659"}],"wp:attachment":[{"href":"https:\/\/www.pufferfishcontent.com\/index.php?rest_route=%2Fwp%2Fv2%2Fmedia&parent=481"}],"curies":[{"name":"wp","href":"https:\/\/api.w.org\/{rel}","templated":true}]}}